 v*q. Is q a multiple of 5?
True
Suppose -22 = -3*h + 5*l, h - 4*l - 16 = -4. Suppose h*c = 14*c - 30. Suppose -c*x + 4*x - 54 = 0. Does 5 divide x?
False
Let p be (-1)/(24/(-9)) - (-72751)/152. Suppose -40*v = -41*v + p. Is v a multiple of 53?
False
Let g(s) = 74*s - 12. Let h(c) = c**3 - 20*c**2 + 7*c - 135. Let t be h(20). Is g(t) a multiple of 46?
False
Let y(c) = -413*c - 2114. Is y(-18) a multiple of 14?
True
Let x = -2492 + 2817. Suppose 20 = t - 0*t. Suppose -3*g + t = -x. Does 13 divide g?
False
Let t be -4 + 5 - -3 - -1499 - -3. Let j = t - 1074. Is j a multiple of 8?
True
Let x(r) = r**2 + 67*r + 98. Is x(26) a multiple of 68?
True
Let m(l) = -l + 6. Let h(a) = -a. Let b be h(-6). Let r be m(b). Suppose d + 5 = r, -7*y + 25 = -5*y + d. Does 3 divide y?
True
Let a(u) = 3*u**3 + 116*u**2 + 19*u - 19. Is a(-26) a multiple of 19?
True
Let r(h) = -5*h**3 + 3*h**2 + 2*h. Let d be r(-1). Suppose -d*q + 1170 = 3*q. Suppose 5*c - 205 = q. Is c a multiple of 11?
False
Let v(g) = -g**2 + 13*g - 26. Let s be v(10). Suppose -s*j + 98 = 2*b, -j - 10 + 52 = 4*b. Does 3 divide j?
False
Let v(y) = -y**3 + 18*y**2 - 197*y - 63. Is 13 a factor of v(-23)?
False
Let g(k) = 2*k**2 + 26*k - 49. Let b be g(-15). Suppose 262 = f + 2*x, 2*f + 6*x - b*x = 560. Does 10 divide f?
True
Let r be (0*2/(-8))/(-2 - -3). Suppose r = 5*y - 13 - 2, 2*p - 2*y = 2640. Is p a multiple of 21?
True
Is -21*(2*1)/((-385)/157630) a multiple of 36?
False
Let j = -19295 - -32030. Is 45 a factor of j?
True
Let r(u) = 62*u + 7. Let p(q) = -2*q - 3. Let j(b) = 6*p(b) + 3*r(b). Does 9 divide j(5)?
True
Let x = 11304 - 8034. Is 7 a factor of x?
False
Suppose -7*b + 548 = 184. Suppose -r - 4*c + b = 0, 2*c + c = 4*r - 189. Is r a multiple of 5?
False
Let j(m) = -m**3 + 19*m**2 - 16*m - 32. Let q be j(18). Suppose a - 10 = -4*a, -2*h + q*a + 920 = 0. Does 29 divide h?
True
Suppose -38*n + 61660 = -77648. Is n a multiple of 26?
True
Let t be (-28)/(-6) - 2/(-6). Let s be (-20)/25*t/1. Does 36 divide (-554)/(-4) + 6/s?
False
Suppose -5*v = t - 4271, 0*v - 16951 = -4*t - v. Does 3 divide t?
True
Let w(o) = -o**3 + 12*o**2 + 5. Let t be w(12). Suppose -3*v = -2*v + d - 94, 3*d - 480 = -t*v. Is 9 a factor of v?
True
Let n = -136 - -288. Let g = 304 - n. Does 19 divide g?
True
Let r = 552 + -360. Suppose 4*j + r = 2*i, 4*j + 128 = 3*i - 160. Is i a multiple of 8?
True
Suppose 4*t - 2*k - 105 = -325, 4*k = -3*t - 187. Let s = t + 141. Is 17 a factor of s?
False
Suppose 6*n - 3*n = 2*k - 3, 2*n = -2*k + 8. Suppose 201 = -0*j + k*j. Is j a multiple of 13?
False
Suppose 0 = 5*z + 619 + 371. Let f = 27 - z. Is f a multiple of 9?
True
Let b = 4294 - 2158. Does 116 divide b?
False
Let n = -638 + 726. Suppose 11*w - 15*w = 2*u - n, -4*u = -w - 203. Is 25 a factor of u?
True
Let o be 5028/(-2)*(-5)/10. Is 7 a factor of (-12)/(-20) + o/5?
True
Suppose -i = i, 2*h - 5*i = -4*h + 83040. Is h a multiple of 94?
False
Let x(l) = l**2 + 4*l + 10. Let z = -84 - -85. Let q = -9 - z. Is x(q) a multiple of 13?
False
Suppose v = -l + 5716, 3*l - 7630 = 3*v + 9512. Is 71 a factor of l?
False
Let z = 339 + 643. Let r = -108 + z. Is 38 a factor of r?
True
Let p = 16263 + -11405. Is 11 a factor of p?
False
Let q(n) = 1023*n + 1963. Is 34 a factor of q(3)?
True
Suppose -5*i + 2*u - 200 = 0, -4*i - i + u - 205 = 0. Let k = 259 + i. Is 17 a factor of k?
False
Let d be (4 + 2/3 + -4)*309. Suppose -2*y = -4, -12*y = -3*o - 7*y + d. Is o a multiple of 7?
False
Let d(w) = 14*w**3 + 5*w - 27. Let h be d(8). Suppose 1021 = -8*u + h. Does 55 divide u?
True
Suppose x = -g + 1082, -4*g + x + 1830 = -2508. Let v = -634 + g. Is 5 a factor of v?
True
Let d(b) = -b**3 - 7*b**2 - 6*b + 5. Let v = 56 - 62. Let c be d(v). Suppose 229 = c*n - s, 4*n + 0*n = s + 183. Does 8 divide n?
False
Let g = 186 - 100. Suppose -s + 4*y + 84 = 0, 0 = -3*s + 2*s + 3*y + g. Let k = s + -74. Does 18 divide k?
True
Let b = 201 + -197. Let o(y) = -3*y**3 + 15*y**2 - 5*y - 8. Does 7 divide o(b)?
False
Is -6 - (11 + -16708 - 18) a multiple of 77?
True
Let h be 3 + (-6 + 5)/(-1). Suppose -h*r = -2*j + 30 - 128, -j = 2*r - 43. Does 12 divide r?
False
Let j(b) = 116*b**2 + 117*b + 22. Does 6 divide j(8)?
True
Let q(a) = -a**2 - 11*a + 143. Let v be q(7). Suppose 17*s + v*s = 17646. Is 18 a factor of s?
False
Suppose 187*r + 3*r = -18*r + 4946864. Is 95 a factor of r?
False
Let v(t) = -4*t + 27. Let r be v(8). Let n(l) = l + 8. Let p be n(r). Suppose p = -3*w, -4*f + 5*w + 165 = -2*f. Does 11 divide f?
False
Let a be (-9471)/(-9) - (2 + 25/(-15)). Suppose 0 = 9*z - a - 1081. Is z a multiple of 8?
False
Let n(j) = j**2 + 13*j - 839. Is n(57) a multiple of 16?
False
Suppose -2*z - 40 + 50 = 0. Suppose 492 = z*d - 2*d. Let c = d - 76. Does 26 divide c?
False
Let j(l) = l**2 - 11*l - 32. Let c be j(-4). Suppose c*k - 42*k + 672 = 0. Is k a multiple of 4?
True
Let n(j) = -2*j**2 - 11*j - 1. Let u be n(-5). Suppose 3*m - 5*w = u - 172, -3*m + 4*w - 171 = 0. Let x = 87 + m. Is 15 a factor of x?
False
Let c(r) be the third derivative of r**6/120 - 2*r**5/15 + r**4/24 - 11*r**3/6 + 32*r**2. Let v be c(8). Does 35 divide -5*((-32)/2 + (-1 - v))?
True
Suppose -2*h - 3*h = -3*r + 35, r + 4*h = -11. Suppose -4*i - 25 = -2*n + r, i - 31 = -5*n. Let u(j) = 16*j - 16. Is 9 a factor of u(n)?
False
Suppose 4*u - 8 = -4*i, 1 + 3 = -2*i + 2*u. Let d be (i + 3/1)*1. Suppose 5*n - 24 = 4*o, 40 = 4*n - o + d*o. Does 2 divide n?
True
Let s(b) = -b - 13. Let r be s(-11). Let t be -1*3 - -398*r/(-4). Suppose 2*g - 4*g - x = -103, -4*x + t = 4*g. Is g a multiple of 9?
True
Let n(d) = 5*d + 51. Let b be n(-10). Let w(f) = 14*f**3 + f**2 - f - 1. Let s be w(b). Suppose 121 = 6*z + s. Does 3 divide z?
True
Let h = -298 - -298. Does 76 divide 171083/187 - (h - 6/51)?
False
Let n(u) = -2*u**3 + 20*u**2 - 2*u. Let o be n(10). Let b = -111 - -36. Is o/(-6) + 25/b a multiple of 3?
True
Let y be ((-4)/(-3) - 2)*(8 + -986). Suppose -y = -19*k + 602. Is k a multiple of 6?
True
Suppose 0 = 2*q + 7*q + 2*q - 61996. Is 3 a factor of q?
False
Let b = -309 + 330. Let q(g) be the first derivative of -g**4/4 + 20*g**3/3 + 11*g**2 - 15*g + 2. Does 3 divide q(b)?
True
Let w be ((-5)/(35/(-42)))/2. Let h(q) = 132*q - 3. Let b(n) = -33*n + 1. Let v(c) = -9*b(c) - 2*h(c). Is 17 a factor of v(w)?
False
Suppose -776*m - 3*o + 102233 = -771*m, -5*m + 5*o + 102225 = 0. Does 23 divide m?
False
Suppose -34 - 6 = -5*p, 0 = 4*v + 3*p - 81940. Is v a multiple of 33?
False
Let n(f) = f**3 + 2*f**2 - 6*f - 16. Let u be n(-3). Is (1 + -403)*(7/2)/u a multiple of 20?
False
Let q = 3598 - -702. Suppose 0 = 4*z + 20, -4*b - 3*z = z - q. Is 15 a factor of b?
True
Suppose -5*f = k - 3619, 1441 = 4*k + 1425. Does 35 divide f?
False
Is 3885/(-70)*(-61 - -7) a multiple of 115?
False
Suppose 2*w - l = 22025, 2*w - 148*l = -146*l + 22030. Does 15 divide w?
True
Let x(t) = t**3 - 5*t**2 - 7*t + 9. Let s be x(6). Suppose 0 = o + 4*k - 80, 0*o = s*o + 5*k - 226. Is 9 a factor of o?
True
Suppose j + 6 = -44. Let v be (-1)/10 - (-18995)/j. Is 23 a factor of v*(-8)/12 + 2/(-6)?
True
Let r = -77 - -246. Suppose 3*v - x - r = 107, -3*v - 2*x = -276. Let c = v + -51. Is c a multiple of 26?
False
Let b be (-2)/(-13) + (-1582)/(-26) - -4. Suppose -62*t + b*t = 27. Is 9 a factor of t?
True
Is 36 a factor of (-22)/12 - -2 - (-2576800)/192?
False
Let k be 1410/14 - 2/(-7). Let a = k + -113. Does 6 divide (a/3)/8 + 786/12?
False
Suppose 4*j + 3*z - 9 = 0, 2*j - 37 = -0*j + 5*z. Suppose 0 = 2*b - j*b + 4. Is (29 - b)/(3 + -1) a multiple of 7?
True
Let v(u) = 1728*u**2 - 288*u. Is 266 a factor of v(-2)?
False
Let b(v) = -v**2 - 70*v - 16. Does 3 divide b(-15)?
False
Let o(l) = 4*l**3 - 24*l**2 + 78*l - 27. Is 15 a factor of o(12)?
True
Let s(d) = 1001*d + 4853. Is s(10) a multiple of 19?
False
Let a = 10 - 6. Let w(i) = -i**3 + 9*i**2 + 88*i + 12. Let v be w(-6). Suppose -a*u + 200 - v = 0. Is 11 a factor of u?
True
Let k(z) be the first derivative of 3*z**2 + 396*z + 18. Is k(0) a multiple of 81?
False
Is 36 a factor of (-24)/828 - 4668684/(-207)?
False
Suppose 0 = -38*v + 44*v - 150. Let u = 34 + v. Does 15 divide u?
False
Is (-21)/12*780/910 - (-38721)/2 a multiple of 9?
True
Suppose 3*n - 5*x = -743, -2*n + 4*x - 259 - 239 = 0. Let w = 4